ts digit of h?
6
Let q be (0 - -1 - 2) + 4 + 3. Suppose -2*n + q*n = -l + 269, -l = -3*n + 207. What is the tens digit of n?
6
Let w(t) = -189*t - 173. What is the units digit of w(-6)?
1
Let a = 823 - 91. What is the tens digit of a?
3
Suppose 148 = -y - y + 3*j, 3*y + 3*j = -222. Let n = -45 - y. What is the tens digit of n?
2
Let u = 4 - 2. Suppose u*q - 1 = -t, t = -t - 5*q. Suppose -t*r + 22 - 2 = 0. What is the units digit of r?
4
Let p(m) = -24*m - 28. What is the hundreds digit of p(-25)?
5
Let m(j) = 13*j**3 + 2*j**2 - 9. What is the units digit of m(3)?
0
Let d(p) = p**2 + 5*p + 4. Let m be d(5). Suppose m = n - 0*n. What is the units digit of n?
4
Suppose 0 = 20*z - 5531 - 5909. What is the units digit of z?
2
What is the tens digit of 49 - (-10 + 8 - 1)?
5
What is the hundreds digit of 1 + (7 - (-943 - 6))?
9
Suppose -169*n - 24416 = -177*n. What is the tens digit of n?
5
What is the units digit of 818/18 + 24/(-54)?
5
Let c(j) = 28*j - 15. Let a be c(3). Suppose 73*s = a*s + 332. What is the units digit of s?
3
Suppose 3*q + 4 = 2*t + 13, 3*t = -3*q + 9. Suppose -2*j + 144 + 38 = 2*u, -4*j + 361 = q*u. What is the units digit of j?
8
Let g(t) be the second derivative of t**5/20 - 2*t**3/3 - t**2 - 6*t. Let d(l) be the first derivative of g(l). What is the units digit of d(3)?
3
Let f(g) = -6*g + 5. Let k be f(3). What is the tens digit of ((-17)/(-4))/(k/(-312))?
0
Let r(z) = -4*z**3 + z**2 - 8*z - 6. Let s(v) = 3*v**3 - 2*v**2 + 7*v + 7. Let t(y) = 5*r(y) + 6*s(y). What is the tens digit of t(-5)?
7
Suppose -6*q = 3*q - 27. Let g be -2 + 4*(-2 + 3). Suppose 19 = g*i - q. What is the units digit of i?
1
Let v(r) = -5 + r**2 + r**2 + r**2 - r**2. Suppose -2*i - 3*n = 2*i - 8, -2*i + 30 = -5*n. What is the units digit of v(i)?
5
Suppose -4*u = -6 + 34. What is the tens digit of (u/4)/((-7)/84)?
2
Suppose -86*l - 5*o = -90*l + 3164, 5*o = 2*l - 1592. What is the units digit of l?
6
Let d(g) = 4*g - 16. Let y be d(5). Suppose l + 4*v = 104, 376 = -0*l + 4*l - y*v. What is the units digit of l?
6
Let w be 132/30 - (-2)/(-5). Let n be (w - 8)*(-2)/4. Suppose 2*y + n*x - 20 = 0, -y + 4*x = 3*y - 32. What is the units digit of y?
9
What is the tens digit of 1/(-3) - (2 - (-388)/(-12))?
3
Let o(d) = -d**3 + 6*d**2 + 8*d + 6. Let f be o(7). Let c = 16 - f. Suppose 4*m - q - 56 = -3*q, 6 = -c*q. What is the tens digit of m?
1
Suppose -1743 = -8*s + s. What is the units digit of s?
9
Let r(i) = -i**3 - 13*i**2 - 13*i - 9. Let g be r(-12). Suppose g*b = b. Suppose -3 = 3*l, -2*s + b + 28 = -2*l. What is the tens digit of s?
1
Let a be ((-2)/(-3))/((-10)/240). Suppose 5*q - 8 = -3*j, -2*q - 6*j - 4 = -3*j. Let n = q - a. What is the tens digit of n?
2
Let q = -43 - -49. What is the tens digit of (0 - -183)*q/18?
6
Suppose 0 = 5*s - 4*v - 211, 3*s + 2*v = s + 88. Suppose -s = 8*t - 395. What is the units digit of t?
4
Let r = -342 - -1296. What is the hundreds digit of r?
9
Suppose 4 = 2*t + 3*k, -2*t + 3*k + 17 - 1 = 0. Suppose t*n = -0*n + 635. What is the hundreds digit of n?
1
Let n(z) = -z**2 + 6*z + 5. Let i be 111/5 - (-8)/10. Suppose i = 7*f - 5. What is the tens digit of n(f)?
1
Let u = -829 + 1335. What is the tens digit of u?
0
Let m(y) be the second derivative of -1/5*y**5 + 0 - 7*y + 3*y**2 + 1/2*y**3 - 1/4*y**4. What is the units digit of m(-3)?
8
Let l be (8 - 6)/(2/8). Suppose -l*u + 3*u = -775. What is the hundreds digit of u?
1
Let j(x) = -18*x**3 - 2*x**2 - 20*x - 2. What is the units digit of j(-5)?
8
Let a = -184 - -267. What is the tens digit of a?
8
Let b = -29 + 36. Let s(t) = -t**3 + 8*t**2 + t - 8. What is the units digit of s(b)?
8
What is the hundreds digit of 8/(-20) - (-27416)/40?
6
Let w(l) = l**2 - 8*l + 119. What is the units digit of w(10)?
9
Let a be -5 + 4 - 10/(-2). Suppose -p - 6*l + l = -69, p - a*l - 51 = 0. What is the tens digit of p?
5
Let h(b) = b**2 + 19*b - 49. Let n be h(-21). Let q = n - -62. What is the units digit of q?
5
Suppose 0 = -y + 4*q - 14, 15 = -0*y - 3*y + 3*q. Let s(c) = 12*c**2 - 2*c - 2. Let z be s(y). Suppose -d - d + z = 0. What is the units digit of d?
5
Let r(s) = 7*s - 9. Let v be r(7). Suppose 290 = 5*l - 3*m, 76 + v = 2*l + m. What is the units digit of l?
8
Suppose 0 = -4*a - 5*r, 0 = 4*a - 4*r - 0*r. Suppose a = -b - 2*h + 1 - 5, 22 = 5*b - 4*h. Suppose 18 = b*k - 18. What is the units digit of k?
8
Let h(t) = 3*t + 2. Let i be h(2). Suppose 3*l - 369 = 3*o, -i*o + 3*o - 487 = -4*l. What is the units digit of l?
8
Suppose -j + 3*b + 42 + 18 = 0, -240 = -4*j + 3*b. Let g = j + -2. What is the units digit of g?
8
Suppose -11*a + 12*a = 392. What is the tens digit of a?
9
Let t(i) = -2*i + 8. Let f be t(4). Suppose 4*u = -5*l + 332, f*u - 160 = -2*u - 4*l. What is the tens digit of u?
8
Let q(p) = 1 + 1 - 13*p**2 + 6*p**2 + 9*p**2. What is the units digit of q(6)?
4
Let y(n) = 6*n**3 + n + 1. Let r be y(-1). Let o be 10/(-35) + r/(-21). Let u(x) = -x**3 - 2*x + 22. What is the units digit of u(o)?
2
What is the units digit of (-14)/70 - (1 + 813/(-15))?
3
Let u(d) = -2*d + 8. Let p be u(-5). Suppose 2*c = 116 - p. What is the tens digit of c?
4
Let z(f) = 1095*f - 95. What is the thousands digit of z(4)?
4
Let f be ((-18)/((-2)/(-2)))/(-1). Let l(z) = f*z**2 + 2*z**2 + 1 + 2*z + 0. What is the tens digit of l(-1)?
1
Let k(j) = 18*j - 3 + 28*j**2 - 30*j + 13*j. What is the tens digit of k(2)?
1
Let w be 57/11 + 4/(-22). Suppose -3*z = -w*z + 6. What is the units digit of -3 + 5 + z + 3?
8
Let o(b) be the second derivative of 3*b**4/4 + 7*b**3/6 + 21*b. What is the hundreds digit of o(3)?
1
Suppose 0 = 2*j - 4, 0 = s + 5*j - 2023 - 636. What is the thousands digit of s?
2
Let m(z) = -z**3 - 46*z**2 - 8*z + 128. What is the thousands digit of m(-47)?
2
What is the tens digit of (414/(-552))/(1/(-28))?
2
Let s(b) be the second derivative of -b**4/12 - b**3/6 + 157*b**2/2 + 25*b. What is the tens digit of s(0)?
5
Let u be 5 - -1 - (-4)/4. Suppose -4*r = -t - 15, -9 = -5*r + 4*t + u. Suppose r*a - 9 = 7. What is the units digit of a?
4
Let y be (1 - (0 - 1))/(4 - 6). What is the tens digit of 0 - y - (-4 - (17 - -1))?
2
Let b(n) = -n**2 + 27 + 78 + 3*n + 7 + 0*n**2. What is the units digit of b(0)?
2
Let b(u) be the first derivative of -u**4/4 - 2*u**3 + 7*u + 5. Let s(d) = -d**3 + 7*d**2 - 8*d + 6. Let m be s(6). What is the units digit of b(m)?
7
Let i(z) = -z**3 + 23*z**2 + 25*z + 12. What is the thousands digit of i(15)?
2
Let k(l) = 5*l**2 - 86*l + 311. What is the units digit of k(33)?
8
Suppose 0 = -0*g - 2*g + 10, 5*g = 4*d + 1. Let c(h) = -d - 6*h - 11 - 7 - 13*h - h**2. What is the tens digit of c(-15)?
3
Let c = -34 + 72. Suppose 0 = -2*w + c + 16. Suppose -240 = w*r - 30*r. What is the units digit of r?
0
Let u(c) = -4*c + 30. Let p(n) = -3*n + 29. Let h(r) = 6*p(r) - 5*u(r). Let w be h(-10). Suppose 6*j - w*j = 126. What is the tens digit of j?
6
Let i(a) = 46*a - 138. What is the units digit of i(23)?
0
Let s(g) = 2850*g + 58. What is the thousands digit of s(1)?
2
Suppose -a + 463 = 4*z, -a - 2*z = -5*z - 477. What is the tens digit of a?
7
Let t(s) = s**2 - 6*s + 17. Let q be t(5). Let o = 55 - q. What is the units digit of o?
3
Let y(b) = 5*b - 24. Let l(i) = -i - 1. Let h(t) = -4*l(t) - y(t). What is the units digit of h(-8)?
6
Suppose j + 14 = 2*o - 0*j, 4*j - 4 = -4*o. Suppose -5*c = h - 2*h, -o*c + 20 = 0. What is the tens digit of h?
2
Let a(c) = -c**3 + 13*c**2 - 12*c + 16. Let j be ((-2)/(-6))/((-1)/3). Let w be 12/(3*j/(-3)). What is the tens digit of a(w)?
1
Let a be (-1)/(87/(-84) + 1). Let c = a - -52. What is the units digit of c?
0
Suppose -7*f - 3 = -4*f. Let x(z) be the first derivative of -z**2/2 + z + 1. What is the units digit of x(f)?
2
Let b = -1724 - -2484. What is the units digit of b?
0
Suppose -4*j = -2*j + 106. Let k = j + 80. What is the tens digit of k?
2
What is the tens digit of (-4 - -7)/((-3)/(-566))?
6
Let t be 5/40*478 - 2/(-8). Suppose 68 = 2*y - t. What is the units digit of y?
4
Let p(s) = 3*s**3 - 3*s**2 + 2*s - 4. Suppose 2*r - 14 = -k - r, 0 = 2*k - 2*r + 4. Suppose 2*f + k*f - 12 = 0. What is the tens digit of p(f)?
5
Let y(z) = z**3 - 7*z**2 - 10. Let f be y(7). Let t = f - -51. What is the tens digit of t?
4
Let h(u) = 7